1 - -31?
32
In base 5, what is 34034 - 1?
34033
In base 9, what is 18340 - -1?
18341
In base 11, what is 14 + 2?
16
In base 15, what is 1c - 1a?
2
In base 7, what is 4 + 1305?
1312
In base 14, what is -559 + 5?
-554
In base 14, what is 2 - -21b?
21d
In base 9, what is -886 + -3?
-1000
In base 10, what is 479 + -3?
476
In base 15, what is 4 + -383?
-37e
In base 9, what is 3 - -40?
43
In base 10, what is -29 - -10?
-19
In base 6, what is 332 - 15?
313
In base 9, what is -1 + -62?
-63
In base 5, what is -440 - -11?
-424
In base 11, what is 577 + 0?
577
In base 9, what is 20552 - 4?
20547
In base 6, what is 31 - -13250?
13321
In base 8, what is -3 + 152?
147
In base 7, what is 42 + -446?
-404
In base 9, what is -177 - -2?
-175
In base 4, what is 302 - 20?
222
In base 12, what is -4 + -2592?
-2596
In base 5, what is -1123 + 100?
-1023
In base 9, what is -1 + 10510?
10508
In base 2, what is -11 + -1010000000?
-1010000011
In base 5, what is 1140323 - -3?
1140331
In base 16, what is c + -24?
-18
In base 15, what is a + 6?
11
In base 9, what is -11 - 14?
-25
In base 14, what is -1 - -5?
4
In base 8, what is -1 + -625?
-626
In base 8, what is -6 - -161?
153
In base 2, what is -110 - -100000?
11010
In base 6, what is -3301 + 2?
-3255
In base 3, what is 22 - 100?
-1
In base 8, what is -16 - 236?
-254
In base 15, what is -165 + -5?
-16a
In base 15, what is 2c + 0?
2c
In base 8, what is 4437 - 4?
4433
In base 9, what is 16 - 25?
-8
In base 5, what is 4 + -13?
-4
In base 10, what is 600 + 26?
626
In base 11, what is 15 + 4?
19
In base 2, what is 1110010 - -10110?
10001000
In base 15, what is -16 + -12?
-28
In base 12, what is -499 - 1?
-49a
In base 14, what is 19 + -4?
15
In base 2, what is 1 - -1100011101?
1100011110
In base 8, what is -4 + -645?
-651
In base 6, what is -1235 + -12?
-1251
In base 14, what is 0 + -109?
-109
In base 3, what is 1002121 + 100?
1002221
In base 9, what is -1252 - -15?
-1236
In base 13, what is -8 + 42?
37
In base 9, what is -24 - -28?
4
In base 10, what is -1479 - -7?
-1472
In base 16, what is -3 - -7e?
7b
In base 8, what is -533 - -2?
-531
In base 5, what is -3012 + -4?
-3021
In base 4, what is -1033 + -130?
-1223
In base 2, what is 10000001 - -10010?
10010011
In base 7, what is 1433 - -6?
1442
In base 15, what is -2ba + -1?
-2bb
In base 13, what is 57 - b5?
-5b
In base 10, what is -134 - 3?
-137
In base 10, what is 1 - -41?
42
In base 3, what is -11 - 1201010?
-1201021
In base 11, what is 2 + -89?
-87
In base 3, what is -11 + -202220?
-210001
In base 7, what is 3165 - -3?
3201
In base 9, what is -10 - -702?
682
In base 7, what is 5 - 5343?
-5335
In base 3, what is -201112111 - -11?
-201112100
In base 8, what is 1 + 5455?
5456
In base 6, what is 2010 + -4?
2002
In base 9, what is -76 - -24?
-52
In base 15, what is 66 + 7?
6d
In base 6, what is 1245 - -3?
1252
In base 2, what is -11011011 - 1?
-11011100
In base 5, what is -1 + -21231?
-21232
In base 16, what is 6 - -13?
19
In base 2, what is 11110 + 1100?
101010
In base 8, what is -2 - 3105?
-3107
In base 15, what is -51e + c?
-512
In base 8, what is -7 - 132?
-141
In base 7, what is 3 - -16?
22
In base 2, what is -10 + -100111?
-101001
In base 7, what is 4 - 364?
-360
In base 3, what is 12000 - -12?
12012
In base 12, what is 0 + 18b?
18b
In base 14, what is -a + -6?
-12
In base 11, what is -28 - -5?
-23
In base 9, what is 250 - 5?
244
In base 9, what is -5 + 7741?
7735
In base 11, what is 5 - 27?
-22
In base 12, what is 23 + 52?
75
In base 2, what is -101100111000 + -101?
-101100111101
In base 5, what is -202 + 32?
-120
In base 11, what is -13 + -7a?
-92
In base 9, what is -5 - 3728?
-3734
In base 5, what is 333234 + -4?
333230
In base 14, what is 1 - 5d?
-5c
In base 9, what is 372 - 5?
366
In base 4, what is -10 + -221011?
-221021
In base 8, what is 5432 - 0?
5432
In base 2, what is 101 - -1101010?
1101111
In base 8, what is -1120 - 6?
-1126
In base 4, what is 3 + 23021?
23030
In base 2, what is -1011 + 1000011?
111000
In base 2, what is 1000110101100 + 0?
1000110101100
In base 12, what is 3 - -48?
4b
In base 14, what is 5 + 42?
47
In base 15, what is 1 + 82?
83
In base 12, what is 47 + -6?
41
In base 11, what is 1010 - -1?
1011
In base 13, what is -377 + 9?
-36b
In base 8, what is 1207 + 0?
1207
In base 4, what is -20 - 3?
-23
In base 3, what is 11 - 211101?
-211020
In base 13, what is 6 - -32?
38
In base 13, what is 51 - 5?
49
In base 11, what is 0 - -37?
37
In base 12, what is -128 + -63?
-18b
In base 16, what is -52 - 4?
-56
In base 13, what is -1 - 27?
-28
In base 14, what is -3 - -186?
183
In base 13, what is -2 + -976?
-978
In base 15, what is -44 + -1?
-45
In base 10, what is -3 - -53?
50
In base 8, what is -5 + -417?
-424
In base 14, what is 195 + c?
1a3
In base 5, what is -10 - 1022?
-1032
In base 4, what is 1 + 33131?
33132
In base 16, what is -2 - 732?
-734
In base 4, what is 32203 - 3?
32200
In base 4, what is 2130323 - -1?
2130330
In base 7, what is 4 - -41?
45
In base 3, what is 0 - 11112?
-11112
In base 9, what is -1 - -2083?
2082
In base 11, what is 120 + 5?
125
In base 2, what is -111001 - 100?
-111101
In base 10, what is 1 - 33?
-32
In base 10, what is 44 - 5?
39
In base 16, what is 17 - 10?
7
In base 2, what is -11 + 11011011010?
11011010111
In base 5, what is -4 + -14?
-23
In base 5, what is 2 - 2022?
-2020
In base 9, what is 2 + 312?
314
In base 8, what is -73 + -1?
-74
In base 7, what is -1615 + -5?
-1623
In base 4, what is -1223 + -3?
-1232
In base 11, what is -89 + 65?
-24
In base 10, what is 9 - 0?
9
In base 13, what is 3 - 67?
-64
In base 6, what is -340 + -5?
-345
In base 8, what is 1 + 1?
2
In base 10, what is -4 - 57?
-61
In base 6, what is -3 - -2105?
2102
In base 11, what is 0 + 40?
40
In base 11, what is -a - -2050?
2041
In base 7, what is -156 - 24?
-213
In base 10, what is 4 - -7?
11
In base 11, what is -13a9 + 4?
-13a5
In base 3, what is 1200 + -1?
1122
In base 4, what is 2221 - 332?
1223
In base 16, what is 3 - -128?
12b
In base 11, what is 9 + 3?
11
In base 4, what is 12 - -331?
1003
In base 4, what is -21000 + -3?
-21003
In base 3, what is -201 + -100?
-1001
In base 14, what is 0 + -273b?
-273b
In base 12, what is -5103 - 1?
-5104
In base 11, what is -4 + -28?
-31
In base 12, what is 17a + -60?
11a
In base 5, what is 2 - -200?
202
In base 16, what is -dc + c?
-d0
In base 12, what is 53 - 0?
53
In base 12, what is 2 + -a54?
-a52
In base 13, what is 4 - 87?
-83
In base 16, what is 8 + -125?
-11d
In base 6, what is -3 - 12?
-15
In base 7, what is -343 + 2?
-341
In base 2, what is 1100111011 + 11001?
1101010100
In base 13, what is -228 + 4?
-224
In base 2, what is 101001000 - -100?
101001100
In base 10, what is 42 + 27?
69
In base 12, what is 9942 - 1?
9941
In base 8, what is 20456 + -1?
20455
In base 2, what is -10101110001 - -101?
-10101101100
In base 6, what is -1 - -503?
502
In base 13, what is 5 - -3ab?
3b3
In base 5, what is 3 - -102032?
102040
In base 5, what is 0 - 3?
-3
In base 14, what is 9a + -19?
81
In base 3, what is 2021202 - -12?
2021221
In base 4, what is -10 - -113?
103
In base 4, what is -11 + 303323?
303312
In base 12, what is 1 - 2a?
-29
In base 8, what is 1213 - -15?
1230
In base 9, what is -81 + 15?
-65
In base 5, what is -2 - -1023?
1021
In base 7, what is -3101 + -26?
-3130
In base 11, what is 1189 + -5?
1184
In base 3, what is -11010 + 0?
-11010
In base 13, what is b + 13?
21
In base 5, what is -2113 - 0?
-2113
In base 14, what is 33 + 38?
6b
In base 15, what is 3 + -16?
-13
In base 16, what is c - -53?
5f
In base 11, what is 4a + 0?
4a
In base 11, what is 106 + 69?
174
In base 7, what is 241 + -1?
240
In base 6, what is -20 + -420?
-440
In base 9, what is 11 - -210?
221
In base 15, what is -49 - -d?
-3b
In base 4, what is 103333 + 11?
110010
In base 9, what is 2 + 760?
762
In base 14, what is -b + 1b?
10
In base 11, what is 154a - 4?
1546
In base 7, what is 26502 - -4?
26506
In base 15, what is b4de + -1?
b4dd
In base 16, what is a - -c?
16
In base 3, what is 12 + 220?
1002
In base 5, what is -2210 - -114?
-2041
In base 16, what is -5 - 71?
-76
In base 3, what is -102110 - -112?
-101221
In base 12, what is 122 + 12?
134
In base 3, what is 1022201 + 111?
1100012
In base 12, what is -42 + 0?
-42
In base 12, what is